{"id":205,"date":"2015-10-16T12:50:24","date_gmt":"2015-10-16T10:50:24","guid":{"rendered":"http:\/\/3dms.fr\/?page_id=205"},"modified":"2022-04-29T10:53:35","modified_gmt":"2022-04-29T09:53:35","slug":"plan-de-masse-3d-en-axonometrie","status":"publish","type":"page","link":"https:\/\/3dms.fr\/index.php\/prestations\/illustrations\/plan-de-masse-3d-en-axonometrie","title":{"rendered":"Plan de masse 3D en axonom\u00e9trie"},"content":{"rendered":"\n\t<div class=\"spaced-wrap clearfix\">\n\t\t<div class=\"flexslider-container-page flexislider-container-ID69e9f4455157 \">\n\t\t\t<div id=\"flexID69e9f4455157\" class=\"flexslider\">\n\t\t\t<ul class=\"slides\"><li><img src=\"https:\/\/3dms.fr\/wp-content\/uploads\/2015\/10\/axo_intoo.jpg\" alt=\"\" class=\"displayed-image\"\/><\/li><li><img src=\"https:\/\/3dms.fr\/wp-content\/uploads\/2015\/10\/simulation-3d-de-lensemble-dun-quartier-rehabilite.jpg\" alt=\"\" class=\"displayed-image\"\/><\/li><li><img src=\"https:\/\/3dms.fr\/wp-content\/uploads\/2015\/10\/visuel-de-promotion-immobiliere-du-projet.jpg\" alt=\"Visuel de promotion immobili\u00e8re du projet vu de haut en l\u00e9g\u00e8re perspective avec ses jardins\" class=\"displayed-image\"\/><\/li><li><img src=\"https:\/\/3dms.fr\/wp-content\/uploads\/2015\/10\/illustration-axonometrique.jpg\" alt=\"Illustration 3D de projet immobilier en vue axonom\u00e9trique avec repr\u00e9sentation des jardins\" class=\"displayed-image\"\/><\/li><li><img src=\"https:\/\/3dms.fr\/wp-content\/uploads\/2015\/10\/axonometrie-dun-complexe-immobilier.jpg\" alt=\"Illustration 3D de projet immobilier dans son ensemble en vue axonom\u00e9trique\" class=\"displayed-image\"\/><\/li><li><img src=\"https:\/\/3dms.fr\/wp-content\/uploads\/2016\/01\/po_lecottage_sd_.jpg\" alt=\"\" class=\"displayed-image\"\/><\/li><\/ul><\/div><\/div><\/div>\n<script type=\"text\/javascript\">\n\tjQuery(window).load(function() {\n\t\tjQuery(\"#flexID69e9f4455157\").flexslider({\n\t\t\tanimation: \"fade\",\n\t\t\tslideshow: false,\n\t\t\tpauseOnAction: true,\n\t\t\tpauseOnHover: true,\n\t\t\tsmoothHeight: true,\n\t\t\tcontrolsContainer: \"flexslider-container-ID69e9f4455157\",\n\t\t\tstart: function(){\n\t\t\t\tjQuery(\".flexslider-container-page,.gridblock-element .ajax-image-block\").css(\"background\",\"none\");\n\t\t\t},\n\t\t});\n\t});\n<\/script>\n\n<div class=\"clearfix divider-common divider-thinfade\" style=\"padding-top:50px;padding-bottom:50px;\"><\/div>\n<h2 style=\"text-align: center;\">Plan de masse 3D en axonom\u00e9trie ou l\u00e9g\u00e8re perspective<\/h2>\n<p>&#8211; Plan repr\u00e9sentant un projet immobilier en suivant un angle axonom\u00e9trique . L&#8217;illustration 3D permet d&#8217;appr\u00e9hender facilement des\u00a0informations telles que le p\u00e9rim\u00e8tre, la surface du b\u00e2timent, les environs.<br \/>\n&#8211; Travail r\u00e9alis\u00e9 \u00e0 partir des plans dwg fournis par le client et du descriptif technique<br \/>\n&#8211; Colorisation du plan masse en 3D<br \/>\n&#8211; Repr\u00e9sentation graphique des lots, des surfaces, des voiries, des haies s\u00e9paratives, des trottoirs, des noms de rue \u2026etc<\/p>\n<div class=\"clearfix divider-common divider-thinfade\" style=\"padding-top:50px;padding-bottom:50px;\"><\/div>\n<p>Quelques exemples de r\u00e9alisation:<\/p>\n<div data-carousel-extra='{\"blog_id\":1,\"permalink\":\"https:\\\/\\\/3dms.fr\\\/index.php\\\/prestations\\\/illustrations\\\/plan-de-masse-3d-en-axonometrie\"}' class=\"tiled-gallery type-rectangular\" data-original-width=\"756\"><div class=\"gallery-row\" style=\"width: 751px; height: 322px;\"><div class=\"gallery-group images-1\" style=\"width: 434px; height: 326px;\"><div class=\"tiled-gallery-item tiled-gallery-item-large\"><a href=\"https:\/\/3dms.fr\/wp-content\/uploads\/2015\/10\/axo_intoo.jpg\" class=\"fancybox\"><img data-attachment-id=\"2026\" data-orig-file=\"https:\/\/3dms.fr\/wp-content\/uploads\/2015\/10\/axo_intoo.jpg\" data-orig-size=\"1920,1440\" data-comments-opened=\"0\" data-image-meta=\"{&quot;aperture&quot;:&quot;0&quot;,&quot;credit&quot;:&quot;&quot;,&quot;camera&quot;:&quot;&quot;,&quot;caption&quot;:&quot;&quot;,&quot;created_timestamp&quot;:&quot;0&quot;,&quot;copyright&quot;:&quot;&quot;,&quot;focal_length&quot;:&quot;0&quot;,&quot;iso&quot;:&quot;0&quot;,&quot;shutter_speed&quot;:&quot;0&quot;,&quot;title&quot;:&quot;&quot;,&quot;orientation&quot;:&quot;1&quot;}\" data-image-title=\"ILLUSTRATION_3D_AERIENNE_AXO_IO\" data-image-description=\"&lt;p&gt;3dms axonom\u00e9trie 2022&lt;\/p&gt;\n\" data-medium-file=\"https:\/\/3dms.fr\/wp-content\/uploads\/2015\/10\/axo_intoo-300x225.jpg\" data-large-file=\"https:\/\/3dms.fr\/wp-content\/uploads\/2015\/10\/axo_intoo-1024x768.jpg\" src=\"https:\/\/3dms.fr\/wp-content\/uploads\/2015\/10\/axo_intoo-430x322.jpg\" width=\"430\" height=\"322\" align=\"left\" title=\"ILLUSTRATION_3D_AERIENNE_AXO_IO\" \/><\/a><div class=\"tiled-gallery-caption\">3dms axonom\u00e9trie 2022<\/div><\/div><\/div><div class=\"gallery-group images-2\" style=\"width: 317px; height: 326px;\"><div class=\"tiled-gallery-item tiled-gallery-item-large\"><a href=\"https:\/\/3dms.fr\/wp-content\/uploads\/2015\/10\/rea_fla_axo_hd4.jpg\" class=\"fancybox\"><img data-attachment-id=\"1945\" data-orig-file=\"https:\/\/3dms.fr\/wp-content\/uploads\/2015\/10\/rea_fla_axo_hd4.jpg\" data-orig-size=\"1920,872\" data-comments-opened=\"0\" data-image-meta=\"{&quot;aperture&quot;:&quot;0&quot;,&quot;credit&quot;:&quot;&quot;,&quot;camera&quot;:&quot;&quot;,&quot;caption&quot;:&quot;&quot;,&quot;created_timestamp&quot;:&quot;0&quot;,&quot;copyright&quot;:&quot;&quot;,&quot;focal_length&quot;:&quot;0&quot;,&quot;iso&quot;:&quot;0&quot;,&quot;shutter_speed&quot;:&quot;0&quot;,&quot;title&quot;:&quot;&quot;,&quot;orientation&quot;:&quot;1&quot;}\" data-image-title=\"REA_FLA_AXO_HD4\" data-image-description=\"&lt;p&gt;Plan de masse 3D en  axonom\u00e9trie d&#8217;un important projet immobilier&lt;\/p&gt;\n\" data-medium-file=\"https:\/\/3dms.fr\/wp-content\/uploads\/2015\/10\/REA_FLA_AXO_HD4-300x136.jpg\" data-large-file=\"https:\/\/3dms.fr\/wp-content\/uploads\/2015\/10\/REA_FLA_AXO_HD4-1024x465.jpg\" src=\"https:\/\/3dms.fr\/wp-content\/uploads\/2015\/10\/rea_fla_axo_hd4-313x142.jpg\" width=\"313\" height=\"142\" align=\"left\" title=\"REA_FLA_AXO_HD4\" \/><\/a><div class=\"tiled-gallery-caption\">Plan de masse 3D en  axonom\u00e9trie d&#8217;un important projet immobilier<\/div><\/div><div class=\"tiled-gallery-item tiled-gallery-item-large\"><a href=\"https:\/\/3dms.fr\/wp-content\/uploads\/2015\/10\/simulation-3d-de-lensemble-dun-quartier-rehabilite.jpg\" class=\"fancybox\"><img data-attachment-id=\"1790\" data-orig-file=\"https:\/\/3dms.fr\/wp-content\/uploads\/2015\/10\/simulation-3d-de-lensemble-dun-quartier-rehabilite.jpg\" data-orig-size=\"1024,576\" data-comments-opened=\"0\" data-image-meta=\"{&quot;aperture&quot;:&quot;0&quot;,&quot;credit&quot;:&quot;&quot;,&quot;camera&quot;:&quot;&quot;,&quot;caption&quot;:&quot;&quot;,&quot;created_timestamp&quot;:&quot;0&quot;,&quot;copyright&quot;:&quot;&quot;,&quot;focal_length&quot;:&quot;0&quot;,&quot;iso&quot;:&quot;0&quot;,&quot;shutter_speed&quot;:&quot;0&quot;,&quot;title&quot;:&quot;&quot;,&quot;orientation&quot;:&quot;1&quot;}\" data-image-title=\"IMAGE_3D_Quartier r\u00e9habilit\u00e9\" data-image-description=\"\" data-medium-file=\"https:\/\/3dms.fr\/wp-content\/uploads\/2015\/10\/simulation-3d-de-lensemble-dun-quartier-rehabilite-300x169.jpg\" data-large-file=\"https:\/\/3dms.fr\/wp-content\/uploads\/2015\/10\/simulation-3d-de-lensemble-dun-quartier-rehabilite-1024x576.jpg\" src=\"https:\/\/3dms.fr\/wp-content\/uploads\/2015\/10\/simulation-3d-de-lensemble-dun-quartier-rehabilite-313x176.jpg\" width=\"313\" height=\"176\" align=\"left\" title=\"IMAGE_3D_Quartier r\u00e9habilit\u00e9\" \/><\/a><\/div><\/div><\/div><div class=\"gallery-row\" style=\"width: 751px; height: 214px;\"><div class=\"gallery-group images-1\" style=\"width: 367px; height: 218px;\"><div class=\"tiled-gallery-item tiled-gallery-item-large\"><a href=\"https:\/\/3dms.fr\/wp-content\/uploads\/2015\/10\/axonometrie-dun-amenagement-de-terrain-avec-des-habitats-de-loisirs.jpg\" class=\"fancybox\"><img data-attachment-id=\"1714\" data-orig-file=\"https:\/\/3dms.fr\/wp-content\/uploads\/2015\/10\/axonometrie-dun-amenagement-de-terrain-avec-des-habitats-de-loisirs.jpg\" data-orig-size=\"1280,754\" data-comments-opened=\"0\" data-image-meta=\"{&quot;aperture&quot;:&quot;0&quot;,&quot;credit&quot;:&quot;&quot;,&quot;camera&quot;:&quot;&quot;,&quot;caption&quot;:&quot;&quot;,&quot;created_timestamp&quot;:&quot;0&quot;,&quot;copyright&quot;:&quot;&quot;,&quot;focal_length&quot;:&quot;0&quot;,&quot;iso&quot;:&quot;0&quot;,&quot;shutter_speed&quot;:&quot;0&quot;,&quot;title&quot;:&quot;&quot;,&quot;orientation&quot;:&quot;1&quot;}\" data-image-title=\"Axonom\u00e9trie d&#8217;un am\u00e9nagement de terrain avec des habitats de loisirs\" data-image-description=\"\" data-medium-file=\"https:\/\/3dms.fr\/wp-content\/uploads\/2015\/10\/axonometrie-dun-amenagement-de-terrain-avec-des-habitats-de-loisirs-300x177.jpg\" data-large-file=\"https:\/\/3dms.fr\/wp-content\/uploads\/2015\/10\/axonometrie-dun-amenagement-de-terrain-avec-des-habitats-de-loisirs-1024x603.jpg\" src=\"https:\/\/3dms.fr\/wp-content\/uploads\/2015\/10\/axonometrie-dun-amenagement-de-terrain-avec-des-habitats-de-loisirs-363x214.jpg\" width=\"363\" height=\"214\" align=\"left\" title=\"Axonom\u00e9trie d&#039;un am\u00e9nagement de terrain avec des habitats de loisirs\" \/><\/a><div class=\"tiled-gallery-caption\">Axonom\u00e9trie d&#8217;un am\u00e9nagement de terrain avec des habitats de loisirs<\/div><\/div><\/div><div class=\"gallery-group images-1\" style=\"width: 384px; height: 218px;\"><div class=\"tiled-gallery-item tiled-gallery-item-large\"><a href=\"https:\/\/3dms.fr\/wp-content\/uploads\/2015\/10\/axonometrie-dun-rdc-dun-ephad.jpg\" class=\"fancybox\"><img data-attachment-id=\"1712\" data-orig-file=\"https:\/\/3dms.fr\/wp-content\/uploads\/2015\/10\/axonometrie-dun-rdc-dun-ephad.jpg\" data-orig-size=\"1280,720\" data-comments-opened=\"0\" data-image-meta=\"{&quot;aperture&quot;:&quot;0&quot;,&quot;credit&quot;:&quot;&quot;,&quot;camera&quot;:&quot;&quot;,&quot;caption&quot;:&quot;&quot;,&quot;created_timestamp&quot;:&quot;0&quot;,&quot;copyright&quot;:&quot;&quot;,&quot;focal_length&quot;:&quot;0&quot;,&quot;iso&quot;:&quot;0&quot;,&quot;shutter_speed&quot;:&quot;0&quot;,&quot;title&quot;:&quot;&quot;,&quot;orientation&quot;:&quot;1&quot;}\" data-image-title=\"Axonom\u00e9trie d&#8217;un RDC d&#8217;un EPHAD\" data-image-description=\"\" data-medium-file=\"https:\/\/3dms.fr\/wp-content\/uploads\/2015\/10\/axonometrie-dun-rdc-dun-ephad-300x169.jpg\" data-large-file=\"https:\/\/3dms.fr\/wp-content\/uploads\/2015\/10\/axonometrie-dun-rdc-dun-ephad-1024x576.jpg\" src=\"https:\/\/3dms.fr\/wp-content\/uploads\/2015\/10\/axonometrie-dun-rdc-dun-ephad-380x214.jpg\" width=\"380\" height=\"214\" align=\"left\" title=\"Axonom\u00e9trie d&#039;un RDC d&#039;un EPHAD\" \/><\/a><div class=\"tiled-gallery-caption\">Axonom\u00e9trie d&#8217;un RDC d&#8217;un EPHAD<\/div><\/div><\/div><\/div><div class=\"gallery-row\" style=\"width: 751px; height: 197px;\"><div class=\"gallery-group images-1\" style=\"width: 354px; height: 201px;\"><div class=\"tiled-gallery-item tiled-gallery-item-large\"><a href=\"https:\/\/3dms.fr\/wp-content\/uploads\/2015\/10\/axonometrie-dun-petit-lotissement.jpg\" class=\"fancybox\"><img data-attachment-id=\"1711\" data-orig-file=\"https:\/\/3dms.fr\/wp-content\/uploads\/2015\/10\/axonometrie-dun-petit-lotissement.jpg\" data-orig-size=\"1280,720\" data-comments-opened=\"0\" data-image-meta=\"{&quot;aperture&quot;:&quot;0&quot;,&quot;credit&quot;:&quot;&quot;,&quot;camera&quot;:&quot;&quot;,&quot;caption&quot;:&quot;&quot;,&quot;created_timestamp&quot;:&quot;0&quot;,&quot;copyright&quot;:&quot;&quot;,&quot;focal_length&quot;:&quot;0&quot;,&quot;iso&quot;:&quot;0&quot;,&quot;shutter_speed&quot;:&quot;0&quot;,&quot;title&quot;:&quot;&quot;,&quot;orientation&quot;:&quot;1&quot;}\" data-image-title=\"Axonom\u00e9trie d&#8217;un petit lotissement\" data-image-description=\"\" data-medium-file=\"https:\/\/3dms.fr\/wp-content\/uploads\/2015\/10\/axonometrie-dun-petit-lotissement-300x169.jpg\" data-large-file=\"https:\/\/3dms.fr\/wp-content\/uploads\/2015\/10\/axonometrie-dun-petit-lotissement-1024x576.jpg\" src=\"https:\/\/3dms.fr\/wp-content\/uploads\/2015\/10\/axonometrie-dun-petit-lotissement-350x197.jpg\" width=\"350\" height=\"197\" align=\"left\" title=\"Axonom\u00e9trie d&#039;un petit lotissement\" \/><\/a><div class=\"tiled-gallery-caption\">Axonom\u00e9trie d&#8217;un petit lotissement<\/div><\/div><\/div><div class=\"gallery-group images-1\" style=\"width: 397px; height: 201px;\"><div class=\"tiled-gallery-item tiled-gallery-item-large\"><a href=\"https:\/\/3dms.fr\/wp-content\/uploads\/2015\/10\/visuel-de-promotion-immobiliere-du-projet.jpg\" class=\"fancybox\"><img data-attachment-id=\"651\" data-orig-file=\"https:\/\/3dms.fr\/wp-content\/uploads\/2015\/10\/visuel-de-promotion-immobiliere-du-projet.jpg\" data-orig-size=\"2500,1250\" data-comments-opened=\"0\" data-image-meta=\"{&quot;aperture&quot;:&quot;0&quot;,&quot;credit&quot;:&quot;&quot;,&quot;camera&quot;:&quot;&quot;,&quot;caption&quot;:&quot;&quot;,&quot;created_timestamp&quot;:&quot;0&quot;,&quot;copyright&quot;:&quot;&quot;,&quot;focal_length&quot;:&quot;0&quot;,&quot;iso&quot;:&quot;0&quot;,&quot;shutter_speed&quot;:&quot;0&quot;,&quot;title&quot;:&quot;&quot;,&quot;orientation&quot;:&quot;0&quot;}\" data-image-title=\"Visuel de promotion immobili\u00e8re du projet\" data-image-description=\"&lt;p&gt;Visuel de promotion immobili\u00e8re du projet vu de haut en l\u00e9g\u00e8re perspective avec ses jardins&lt;\/p&gt;\n\" data-medium-file=\"https:\/\/3dms.fr\/wp-content\/uploads\/2015\/10\/visuel-de-promotion-immobiliere-du-projet-300x150.jpg\" data-large-file=\"https:\/\/3dms.fr\/wp-content\/uploads\/2015\/10\/visuel-de-promotion-immobiliere-du-projet-1024x512.jpg\" src=\"https:\/\/3dms.fr\/wp-content\/uploads\/2015\/10\/visuel-de-promotion-immobiliere-du-projet-393x197.jpg\" width=\"393\" height=\"197\" align=\"left\" title=\"Visuel de promotion immobili\u00e8re du projet\" \/><\/a><div class=\"tiled-gallery-caption\">Illustration 3D de projet global vu de haut<\/div><\/div><\/div><\/div><div class=\"gallery-row\" style=\"width: 751px; height: 317px;\"><div class=\"gallery-group images-2\" style=\"width: 299px; height: 321px;\"><div class=\"tiled-gallery-item tiled-gallery-item-large\"><a href=\"https:\/\/3dms.fr\/wp-content\/uploads\/2015\/10\/zoom-dun-amenagement-de-terrain-par-des-habitations-de-loisir.jpg\" class=\"fancybox\"><img data-attachment-id=\"1716\" data-orig-file=\"https:\/\/3dms.fr\/wp-content\/uploads\/2015\/10\/zoom-dun-amenagement-de-terrain-par-des-habitations-de-loisir.jpg\" data-orig-size=\"1280,719\" data-comments-opened=\"0\" data-image-meta=\"{&quot;aperture&quot;:&quot;0&quot;,&quot;credit&quot;:&quot;&quot;,&quot;camera&quot;:&quot;&quot;,&quot;caption&quot;:&quot;&quot;,&quot;created_timestamp&quot;:&quot;0&quot;,&quot;copyright&quot;:&quot;&quot;,&quot;focal_length&quot;:&quot;0&quot;,&quot;iso&quot;:&quot;0&quot;,&quot;shutter_speed&quot;:&quot;0&quot;,&quot;title&quot;:&quot;&quot;,&quot;orientation&quot;:&quot;1&quot;}\" data-image-title=\"ILLUSTRATION_3D_Zoom d&#8217;un am\u00e9nagement de terrain par des habitations de loisir\" data-image-description=\"\" data-medium-file=\"https:\/\/3dms.fr\/wp-content\/uploads\/2015\/10\/zoom-dun-amenagement-de-terrain-par-des-habitations-de-loisir-300x169.jpg\" data-large-file=\"https:\/\/3dms.fr\/wp-content\/uploads\/2015\/10\/zoom-dun-amenagement-de-terrain-par-des-habitations-de-loisir-1024x575.jpg\" src=\"https:\/\/3dms.fr\/wp-content\/uploads\/2015\/10\/zoom-dun-amenagement-de-terrain-par-des-habitations-de-loisir-295x166.jpg\" width=\"295\" height=\"166\" align=\"left\" title=\"ILLUSTRATION_3D_Zoom d&#039;un am\u00e9nagement de terrain par des habitations de loisir\" \/><\/a><div class=\"tiled-gallery-caption\">Zoom d&#8217;un am\u00e9nagement de terrain par des habitations de loisir<\/div><\/div><div class=\"tiled-gallery-item tiled-gallery-item-large\"><a href=\"https:\/\/3dms.fr\/wp-content\/uploads\/2015\/10\/axonometrie-dun-etage-de-batiment.jpg\" class=\"fancybox\"><img data-attachment-id=\"1713\" data-orig-file=\"https:\/\/3dms.fr\/wp-content\/uploads\/2015\/10\/axonometrie-dun-etage-de-batiment.jpg\" data-orig-size=\"1280,640\" data-comments-opened=\"0\" data-image-meta=\"{&quot;aperture&quot;:&quot;0&quot;,&quot;credit&quot;:&quot;&quot;,&quot;camera&quot;:&quot;&quot;,&quot;caption&quot;:&quot;&quot;,&quot;created_timestamp&quot;:&quot;0&quot;,&quot;copyright&quot;:&quot;&quot;,&quot;focal_length&quot;:&quot;0&quot;,&quot;iso&quot;:&quot;0&quot;,&quot;shutter_speed&quot;:&quot;0&quot;,&quot;title&quot;:&quot;&quot;,&quot;orientation&quot;:&quot;1&quot;}\" data-image-title=\"Axonom\u00e9trie d&#8217;un \u00e9tage de b\u00e2timent\" data-image-description=\"\" data-medium-file=\"https:\/\/3dms.fr\/wp-content\/uploads\/2015\/10\/axonometrie-dun-etage-de-batiment-300x150.jpg\" data-large-file=\"https:\/\/3dms.fr\/wp-content\/uploads\/2015\/10\/axonometrie-dun-etage-de-batiment-1024x512.jpg\" src=\"https:\/\/3dms.fr\/wp-content\/uploads\/2015\/10\/axonometrie-dun-etage-de-batiment-295x147.jpg\" width=\"295\" height=\"147\" align=\"left\" title=\"Axonom\u00e9trie d&#039;un \u00e9tage de b\u00e2timent\" \/><\/a><div class=\"tiled-gallery-caption\">Axonom\u00e9trie d&#8217;un \u00e9tage de b\u00e2timent <\/div><\/div><\/div><div class=\"gallery-group images-1\" style=\"width: 452px; height: 321px;\"><div class=\"tiled-gallery-item tiled-gallery-item-large\"><a href=\"https:\/\/3dms.fr\/wp-content\/uploads\/2015\/10\/illustration-axonometrique.jpg\" class=\"fancybox\"><img data-attachment-id=\"648\" data-orig-file=\"https:\/\/3dms.fr\/wp-content\/uploads\/2015\/10\/illustration-axonometrique.jpg\" data-orig-size=\"5000,3537\" data-comments-opened=\"0\" data-image-meta=\"{&quot;aperture&quot;:&quot;0&quot;,&quot;credit&quot;:&quot;&quot;,&quot;camera&quot;:&quot;&quot;,&quot;caption&quot;:&quot;&quot;,&quot;created_timestamp&quot;:&quot;0&quot;,&quot;copyright&quot;:&quot;&quot;,&quot;focal_length&quot;:&quot;0&quot;,&quot;iso&quot;:&quot;0&quot;,&quot;shutter_speed&quot;:&quot;0&quot;,&quot;title&quot;:&quot;&quot;,&quot;orientation&quot;:&quot;0&quot;}\" data-image-title=\"illustration axonom\u00e9trique\" data-image-description=\"&lt;p&gt;Illustration 3D de projet immobilier en vue axonom\u00e9trique avec repr\u00e9sentation des jardins&lt;\/p&gt;\n\" data-medium-file=\"https:\/\/3dms.fr\/wp-content\/uploads\/2015\/10\/illustration-axonometrique-300x212.jpg\" data-large-file=\"https:\/\/3dms.fr\/wp-content\/uploads\/2015\/10\/illustration-axonometrique-1024x724.jpg\" src=\"https:\/\/3dms.fr\/wp-content\/uploads\/2015\/10\/illustration-axonometrique-448x317.jpg\" width=\"448\" height=\"317\" align=\"left\" title=\"illustration axonom\u00e9trique\" \/><\/a><div class=\"tiled-gallery-caption\">Vue en 3D axonom\u00e9trique du projet<\/div><\/div><\/div><\/div><\/div>\n","protected":false},"excerpt":{"rendered":"<p>Plan de masse 3D en axonom\u00e9trie ou l\u00e9g\u00e8re perspective &#8211; Plan repr\u00e9sentant un projet immobilier en suivant un angle axonom\u00e9trique . L&#8217;illustration 3D permet d&#8217;appr\u00e9hender facilement des\u00a0informations telles que le p\u00e9rim\u00e8tre, la surface du b\u00e2timent, les environs. &#8211; Travail r\u00e9alis\u00e9 \u00e0 partir des plans dwg fournis par le client et du descriptif technique &#8211; Colorisation du plan masse en 3D &#8211; Repr\u00e9sentation graphique des lots, des surfaces, des voiries, des haies s\u00e9paratives, des trottoirs, des noms de rue \u2026etc Quelques [&hellip;]<\/p>\n","protected":false},"author":1,"featured_media":0,"parent":66,"menu_order":0,"comment_status":"closed","ping_status":"closed","template":"","meta":[],"aioseo_notices":[],"_links":{"self":[{"href":"https:\/\/3dms.fr\/index.php\/wp-json\/wp\/v2\/pages\/205"}],"collection":[{"href":"https:\/\/3dms.fr\/index.php\/wp-json\/wp\/v2\/pages"}],"about":[{"href":"https:\/\/3dms.fr\/index.php\/wp-json\/wp\/v2\/types\/page"}],"author":[{"embeddable":true,"href":"https:\/\/3dms.fr\/index.php\/wp-json\/wp\/v2\/users\/1"}],"replies":[{"embeddable":true,"href":"https:\/\/3dms.fr\/index.php\/wp-json\/wp\/v2\/comments?post=205"}],"version-history":[{"count":14,"href":"https:\/\/3dms.fr\/index.php\/wp-json\/wp\/v2\/pages\/205\/revisions"}],"predecessor-version":[{"id":2027,"href":"https:\/\/3dms.fr\/index.php\/wp-json\/wp\/v2\/pages\/205\/revisions\/2027"}],"up":[{"embeddable":true,"href":"https:\/\/3dms.fr\/index.php\/wp-json\/wp\/v2\/pages\/66"}],"wp:attachment":[{"href":"https:\/\/3dms.fr\/index.php\/wp-json\/wp\/v2\/media?parent=205"}],"curies":[{"name":"wp","href":"https:\/\/api.w.org\/{rel}","templated":true}]}}