{"id":1837,"date":"2018-05-28T10:57:58","date_gmt":"2018-05-28T09:57:58","guid":{"rendered":"https:\/\/3dms.fr\/?page_id=1837"},"modified":"2018-05-28T11:01:28","modified_gmt":"2018-05-28T10:01:28","slug":"insertions-aeriennes","status":"publish","type":"page","link":"https:\/\/3dms.fr\/index.php\/insertions-aeriennes","title":{"rendered":"Insertions a\u00e9riennes"},"content":{"rendered":"<h2>Situer votre programme en l&#8217;ins\u00e9rant dans son environnement<\/h2>\n<p>Ci-dessous, des exemples d&#8217;illustrations d&#8217;insertions a\u00e9riennes pour la promotion immobili\u00e8re.<br \/>\nEn partant de photos a\u00e9riennes, 3dms repr\u00e9sente de fa\u00e7on la plus r\u00e9aliste possible l&#8217;empreinte de votre projet dans son environnement.<\/p>\n<div data-carousel-extra='{\"blog_id\":1,\"permalink\":\"https:\\\/\\\/3dms.fr\\\/index.php\\\/insertions-aeriennes\"}' class=\"tiled-gallery type-rectangular\" data-original-width=\"756\"><div class=\"gallery-row\" style=\"width: 751px; height: 347px;\"><div class=\"gallery-group images-1\" style=\"width: 467px; height: 351px;\"><div class=\"tiled-gallery-item tiled-gallery-item-large\"><a href=\"https:\/\/3dms.fr\/wp-content\/uploads\/2018\/05\/insertion-dun-projet-a-epinettes.jpg\" class=\"fancybox\"><img data-attachment-id=\"1839\" data-orig-file=\"https:\/\/3dms.fr\/wp-content\/uploads\/2018\/05\/insertion-dun-projet-a-epinettes.jpg\" data-orig-size=\"1024,768\" data-comments-opened=\"0\" data-image-meta=\"{&quot;aperture&quot;:&quot;2.8&quot;,&quot;credit&quot;:&quot;Pascal GUIRAUD&quot;,&quot;camera&quot;:&quot;FC300X&quot;,&quot;caption&quot;:&quot;Reportage a\\u00e9rien, BOUYGUES Immobilier, Epinette, Tours&quot;,&quot;created_timestamp&quot;:&quot;1463356800&quot;,&quot;copyright&quot;:&quot;photo@pascalguiraud&quot;,&quot;focal_length&quot;:&quot;3.61&quot;,&quot;iso&quot;:&quot;100&quot;,&quot;shutter_speed&quot;:&quot;0.00071428571428571&quot;,&quot;title&quot;:&quot;Reportage a\\u00e9rien, BOUYGUES Immobilier, Epinette, Tours&quot;,&quot;orientation&quot;:&quot;1&quot;}\" data-image-title=\"ILLUSTRATION_3D_INSERTION_0002\" data-image-description=\"\" data-medium-file=\"https:\/\/3dms.fr\/wp-content\/uploads\/2018\/05\/insertion-dun-projet-a-epinettes-300x225.jpg\" data-large-file=\"https:\/\/3dms.fr\/wp-content\/uploads\/2018\/05\/insertion-dun-projet-a-epinettes-1024x768.jpg\" src=\"https:\/\/3dms.fr\/wp-content\/uploads\/2018\/05\/insertion-dun-projet-a-epinettes-463x347.jpg\" width=\"463\" height=\"347\" align=\"left\" title=\"ILLUSTRATION_3D_INSERTION_0002\" \/><\/a><div class=\"tiled-gallery-caption\">Insertion d&#8217;un projet \u00e0 \u00c9pinettes avec son acc\u00e8s privatis\u00e9<\/div><\/div><\/div><div class=\"gallery-group images-2\" style=\"width: 284px; height: 351px;\"><div class=\"tiled-gallery-item tiled-gallery-item-large\"><a href=\"https:\/\/3dms.fr\/wp-content\/uploads\/2018\/05\/mieux-comprendre-un-projet-dans-son-environnement.jpg\" class=\"fancybox\"><img data-attachment-id=\"1840\" data-orig-file=\"https:\/\/3dms.fr\/wp-content\/uploads\/2018\/05\/mieux-comprendre-un-projet-dans-son-environnement.jpg\" data-orig-size=\"1024,681\" data-comments-opened=\"0\" data-image-meta=\"{&quot;aperture&quot;:&quot;8&quot;,&quot;credit&quot;:&quot;&quot;,&quot;camera&quot;:&quot;NEX-6&quot;,&quot;caption&quot;:&quot;&quot;,&quot;created_timestamp&quot;:&quot;1421755719&quot;,&quot;copyright&quot;:&quot;&quot;,&quot;focal_length&quot;:&quot;16&quot;,&quot;iso&quot;:&quot;100&quot;,&quot;shutter_speed&quot;:&quot;0.004&quot;,&quot;title&quot;:&quot;&quot;,&quot;orientation&quot;:&quot;1&quot;}\" data-image-title=\"ILLUSTRATION_3D_INSERTION_0001\" data-image-description=\"\" data-medium-file=\"https:\/\/3dms.fr\/wp-content\/uploads\/2018\/05\/mieux-comprendre-un-projet-dans-son-environnement-300x200.jpg\" data-large-file=\"https:\/\/3dms.fr\/wp-content\/uploads\/2018\/05\/mieux-comprendre-un-projet-dans-son-environnement-1024x681.jpg\" src=\"https:\/\/3dms.fr\/wp-content\/uploads\/2018\/05\/mieux-comprendre-un-projet-dans-son-environnement-280x186.jpg\" width=\"280\" height=\"186\" align=\"left\" title=\"ILLUSTRATION_3D_INSERTION_0001\" \/><\/a><div class=\"tiled-gallery-caption\">Mieux comprendre un projet dans son environnement<\/div><\/div><div class=\"tiled-gallery-item tiled-gallery-item-large\"><a href=\"https:\/\/3dms.fr\/wp-content\/uploads\/2018\/05\/insertion-aerienne-dans-une-zone-arboree.jpg\" class=\"fancybox\"><img data-attachment-id=\"1841\" data-orig-file=\"https:\/\/3dms.fr\/wp-content\/uploads\/2018\/05\/insertion-aerienne-dans-une-zone-arboree.jpg\" data-orig-size=\"1024,576\" data-comments-opened=\"0\" data-image-meta=\"{&quot;aperture&quot;:&quot;3.5&quot;,&quot;credit&quot;:&quot;&quot;,&quot;camera&quot;:&quot;ILCE-6000&quot;,&quot;caption&quot;:&quot;&quot;,&quot;created_timestamp&quot;:&quot;1508515472&quot;,&quot;copyright&quot;:&quot;&quot;,&quot;focal_length&quot;:&quot;16&quot;,&quot;iso&quot;:&quot;100&quot;,&quot;shutter_speed&quot;:&quot;0.0008&quot;,&quot;title&quot;:&quot;&quot;,&quot;orientation&quot;:&quot;1&quot;}\" data-image-title=\"ILLUSTRATION_3D_Insertion a\u00e9rienne dans une zone arbor\u00e9e\" data-image-description=\"\" data-medium-file=\"https:\/\/3dms.fr\/wp-content\/uploads\/2018\/05\/insertion-aerienne-dans-une-zone-arboree-300x169.jpg\" data-large-file=\"https:\/\/3dms.fr\/wp-content\/uploads\/2018\/05\/insertion-aerienne-dans-une-zone-arboree-1024x576.jpg\" src=\"https:\/\/3dms.fr\/wp-content\/uploads\/2018\/05\/insertion-aerienne-dans-une-zone-arboree-280x157.jpg\" width=\"280\" height=\"157\" align=\"left\" title=\"ILLUSTRATION_3D_Insertion a\u00e9rienne dans une zone arbor\u00e9e\" \/><\/a><div class=\"tiled-gallery-caption\">Insertion a\u00e9rienne dans une zone arbor\u00e9e<\/div><\/div><\/div><\/div><div class=\"gallery-row\" style=\"width: 751px; height: 420px;\"><div class=\"gallery-group images-1\" style=\"width: 751px; height: 424px;\"><div class=\"tiled-gallery-item tiled-gallery-item-large\"><a href=\"https:\/\/3dms.fr\/wp-content\/uploads\/2018\/05\/3dms-realise-les-insertions-aeriennes-sur-de-grands-projets-doccupation-des-terrains.jpg\" class=\"fancybox\"><img data-attachment-id=\"1842\" data-orig-file=\"https:\/\/3dms.fr\/wp-content\/uploads\/2018\/05\/3dms-realise-les-insertions-aeriennes-sur-de-grands-projets-doccupation-des-terrains.jpg\" data-orig-size=\"1024,576\" data-comments-opened=\"0\" data-image-meta=\"{&quot;aperture&quot;:&quot;0&quot;,&quot;credit&quot;:&quot;&quot;,&quot;camera&quot;:&quot;&quot;,&quot;caption&quot;:&quot;&quot;,&quot;created_timestamp&quot;:&quot;0&quot;,&quot;copyright&quot;:&quot;&quot;,&quot;focal_length&quot;:&quot;0&quot;,&quot;iso&quot;:&quot;0&quot;,&quot;shutter_speed&quot;:&quot;0&quot;,&quot;title&quot;:&quot;&quot;,&quot;orientation&quot;:&quot;1&quot;}\" data-image-title=\"PLAN_MASSE_3D_0001\" data-image-description=\"\" data-medium-file=\"https:\/\/3dms.fr\/wp-content\/uploads\/2018\/05\/3dms-realise-les-insertions-aeriennes-sur-de-grands-projets-doccupation-des-terrains-300x169.jpg\" data-large-file=\"https:\/\/3dms.fr\/wp-content\/uploads\/2018\/05\/3dms-realise-les-insertions-aeriennes-sur-de-grands-projets-doccupation-des-terrains-1024x576.jpg\" src=\"https:\/\/3dms.fr\/wp-content\/uploads\/2018\/05\/3dms-realise-les-insertions-aeriennes-sur-de-grands-projets-doccupation-des-terrains-747x420.jpg\" width=\"747\" height=\"420\" align=\"left\" title=\"PLAN_MASSE_3D_0001\" \/><\/a><div class=\"tiled-gallery-caption\">3dms r\u00e9alise les insertions a\u00e9riennes sur de grands projets d&#8217;occupation des terrains<\/div><\/div><\/div><\/div><\/div>\n<h2>Prendre du recul avec une axonom\u00e9trie de votre programme.<\/h2>\n<p>Votre projet mod\u00e9lis\u00e9 en 3D dans son ensemble permet des libert\u00e9s lors de la cr\u00e9ation d&#8217;illustrations d&#8217;angles de vue.<\/p>\n","protected":false},"excerpt":{"rendered":"<p>Situer votre programme en l&#8217;ins\u00e9rant dans son environnement Ci-dessous, des exemples d&#8217;illustrations d&#8217;insertions a\u00e9riennes pour la promotion immobili\u00e8re. En partant de photos a\u00e9riennes, 3dms repr\u00e9sente de fa\u00e7on la plus r\u00e9aliste possible l&#8217;empreinte de votre projet dans son environnement. Prendre du recul avec une axonom\u00e9trie de votre programme. Votre projet mod\u00e9lis\u00e9 en 3D dans son ensemble permet des libert\u00e9s lors de la cr\u00e9ation d&#8217;illustrations d&#8217;angles de vue.<\/p>\n","protected":false},"author":1,"featured_media":0,"parent":0,"menu_order":0,"comment_status":"closed","ping_status":"closed","template":"","meta":[],"aioseo_notices":[],"_links":{"self":[{"href":"https:\/\/3dms.fr\/index.php\/wp-json\/wp\/v2\/pages\/1837"}],"collection":[{"href":"https:\/\/3dms.fr\/index.php\/wp-json\/wp\/v2\/pages"}],"about":[{"href":"https:\/\/3dms.fr\/index.php\/wp-json\/wp\/v2\/types\/page"}],"author":[{"embeddable":true,"href":"https:\/\/3dms.fr\/index.php\/wp-json\/wp\/v2\/users\/1"}],"replies":[{"embeddable":true,"href":"https:\/\/3dms.fr\/index.php\/wp-json\/wp\/v2\/comments?post=1837"}],"version-history":[{"count":7,"href":"https:\/\/3dms.fr\/index.php\/wp-json\/wp\/v2\/pages\/1837\/revisions"}],"predecessor-version":[{"id":1849,"href":"https:\/\/3dms.fr\/index.php\/wp-json\/wp\/v2\/pages\/1837\/revisions\/1849"}],"wp:attachment":[{"href":"https:\/\/3dms.fr\/index.php\/wp-json\/wp\/v2\/media?parent=1837"}],"curies":[{"name":"wp","href":"https:\/\/api.w.org\/{rel}","templated":true}]}}