{"id":1386,"date":"2015-11-18T17:44:38","date_gmt":"2015-11-18T15:44:38","guid":{"rendered":"http:\/\/3dms.fr\/?page_id=1386"},"modified":"2015-11-18T18:24:20","modified_gmt":"2015-11-18T16:24:20","slug":"politique-de-confidentialite-et-des-cookies","status":"publish","type":"page","link":"https:\/\/3dms.fr\/index.php\/politique-de-confidentialite-et-des-cookies","title":{"rendered":"Politique de confidentialit\u00e9 et des cookies"},"content":{"rendered":"<p id=\"tw-target-text\" class=\"tw-data-text vk_txt tw-ta tw-text-small\" dir=\"ltr\" style=\"text-align: justify;\" data-placeholder=\"Traduction\"><span lang=\"fr\">3dms.fr utilise des cookies pour personnaliser le contenu et les annonces et analyser le trafic sur le site . Nous partageons \u00e9galement des informations concernant votre utilisation de notre site avec nos partenaires publicitaires et d&#8217;analyse.<\/span><\/p>\n<p class=\"tw-data-text vk_txt tw-ta tw-text-small\" dir=\"ltr\" style=\"text-align: justify;\" data-placeholder=\"Traduction\">Cliquez <a href=\"http:\/\/www.google.com\/intl\/en\/policies\/privacy\/partners\/\" target=\"_blank\">ici<\/a>\u00a0pour plus d&#8217;informations sur l&#8217;utilisation de ces donn\u00e9es par GOOGLE.<\/p>\n<p class=\"tw-data-text vk_txt tw-ta tw-text-small\" dir=\"ltr\" style=\"text-align: justify;\" data-placeholder=\"Traduction\">Cliquez <a href=\"https:\/\/tools.google.com\/dlpage\/gaoptout\/\" target=\"_blank\">ici<\/a>\u00a0pour un outil de d\u00e9sengagement qui\u00a0<span lang=\"fr\">vous permet d&#8217;emp\u00eacher\u00a0Google Analytics d&#8217;utiliser vos donn\u00e9es.<\/span><\/p>\n<p class=\"tw-data-text vk_txt tw-ta tw-text-small\" dir=\"ltr\" style=\"text-align: justify;\" data-placeholder=\"Traduction\">Vous pouvez \u00e9galement bloquer tous vos cookies sur votre navigateur, comme d\u00e9crit dans les liens suivants:<\/p>\n<p class=\"tw-data-text vk_txt tw-ta tw-text-small\" dir=\"ltr\" style=\"text-align: justify;\" data-placeholder=\"Traduction\">Pour\u00a0Internet Explorer\u2122 : <a href=\"http:\/\/windows.microsoft.com\/fr-FR\/windows-vista\/Block-or-allow-cookies\" target=\"_blank\">http:\/\/windows.microsoft.com\/fr-FR\/windows-vista\/Block-or-allow-cookies<\/a><br \/>\nPour\u00a0Safari\u2122 : <a href=\"http:\/\/docs.info.apple.com\/article.html?path=Safari\/3.0\/fr\/9277.html\" target=\"_blank\">http:\/\/docs.info.apple.com\/article.html?path=Safari\/3.0\/fr\/9277.html<\/a><br \/>\nPour\u00a0Chrome\u2122 : <a href=\"http:\/\/support.google.com\/chrome\/bin\/answer.py?hl=fr&amp;hlrm=en&amp;answer=95647\" target=\"_blank\">http:\/\/support.google.com\/chrome\/bin\/answer.py?hl=fr&amp;hlrm=en&amp;answer=95647<\/a><br \/>\nPour\u00a0Firefox\u2122 : <a href=\"http:\/\/support.mozilla.org\/fr\/kb\/Activer%20et%20d%C3%A9sactiver%20les%20cookies\" target=\"_blank\">http:\/\/support.mozilla.org\/fr\/kb\/Activer%20et%20d%C3%A9sactiver%20les%20cookies<\/a><br \/>\nPour\u00a0Opera\u2122 : <a href=\"http:\/\/help.opera.com\/Windows\/10.20\/fr\/cookies.html\" target=\"_blank\">http:\/\/help.opera.com\/Windows\/10.20\/fr\/cookies.html<\/a><\/p>\n","protected":false},"excerpt":{"rendered":"<p>3dms.fr utilise des cookies pour personnaliser le contenu et les annonces et analyser le trafic sur le site . Nous partageons \u00e9galement des informations concernant votre utilisation de notre site avec nos partenaires publicitaires et d&#8217;analyse. Cliquez ici\u00a0pour plus d&#8217;informations sur l&#8217;utilisation de ces donn\u00e9es par GOOGLE. Cliquez ici\u00a0pour un outil de d\u00e9sengagement qui\u00a0vous permet d&#8217;emp\u00eacher\u00a0Google Analytics d&#8217;utiliser vos donn\u00e9es. Vous pouvez \u00e9galement bloquer tous vos cookies sur votre navigateur, comme d\u00e9crit dans les liens suivants: Pour\u00a0Internet Explorer\u2122 : http:\/\/windows.microsoft.com\/fr-FR\/windows-vista\/Block-or-allow-cookies [&hellip;]<\/p>\n","protected":false},"author":1,"featured_media":0,"parent":0,"menu_order":0,"comment_status":"closed","ping_status":"closed","template":"","meta":[],"aioseo_notices":[],"_links":{"self":[{"href":"https:\/\/3dms.fr\/index.php\/wp-json\/wp\/v2\/pages\/1386"}],"collection":[{"href":"https:\/\/3dms.fr\/index.php\/wp-json\/wp\/v2\/pages"}],"about":[{"href":"https:\/\/3dms.fr\/index.php\/wp-json\/wp\/v2\/types\/page"}],"author":[{"embeddable":true,"href":"https:\/\/3dms.fr\/index.php\/wp-json\/wp\/v2\/users\/1"}],"replies":[{"embeddable":true,"href":"https:\/\/3dms.fr\/index.php\/wp-json\/wp\/v2\/comments?post=1386"}],"version-history":[{"count":5,"href":"https:\/\/3dms.fr\/index.php\/wp-json\/wp\/v2\/pages\/1386\/revisions"}],"predecessor-version":[{"id":1390,"href":"https:\/\/3dms.fr\/index.php\/wp-json\/wp\/v2\/pages\/1386\/revisions\/1390"}],"wp:attachment":[{"href":"https:\/\/3dms.fr\/index.php\/wp-json\/wp\/v2\/media?parent=1386"}],"curies":[{"name":"wp","href":"https:\/\/api.w.org\/{rel}","templated":true}]}}